ulate the greatest common divisor of k and 32.
32
Suppose -3*f + 3*v = 2*v - 4, -4*v = 2*f - 12. Suppose 5*p = -7*i + 3*i + 616, -3*p - f*i = -370. Calculate the greatest common divisor of 31 and p.
31
Suppose 172*d - 182*d = -2970. What is the highest common factor of d and 792?
99
Suppose 6*i - 10 = 4*i. Let d be 4/50 + 3246/50. Calculate the greatest common factor of i and d.
5
Let x(j) = j**2 + 3*j + 6. Let m be x(4). Suppose z + 0*c - 12 = 2*c, m = 3*z - 4*c. Calculate the highest common factor of z and 35.
5
Let a = 3366 - 3360. Suppose 0*t - 2*k = 4*t - 274, 0 = t + 5*k - 91. Calculate the highest common divisor of a and t.
6
Let m be 25 - ((-9)/6)/(9/(-6)). Calculate the greatest common divisor of 120 and m.
24
Suppose 24*h = 29*h - 875. What is the highest common divisor of 28 and h?
7
Let s(h) = -33*h - 16. Let m be s(5). Let v be (4/8)/(-3 + m/(-60)). What is the highest common divisor of 45 and v?
15
Suppose -a + 2 = -6. Let y be 2/(5 - 1611/324). What is the highest common divisor of y and a?
8
Let y be (-6)/(-7) - (10 - 9750/91). Calculate the greatest common factor of y and 833.
49
Suppose 28 = -48*q + 55*q. Suppose 0 = 5*j - 4*t - 39, 0 = -6*j + 3*j - q*t + 17. Calculate the highest common divisor of j and 28.
7
Suppose 4*p - 1 = -13. Let h be 0 + 3 + p + 75. Suppose v - 10 = h. Calculate the highest common divisor of 17 and v.
17
Suppose -5*i = -5*b - 4*i + 28, -2*i + 10 = b. Suppose 0 = -b*s + 5*s + 7. Let x(h) = 2*h - 2. Let o be x(s). Calculate the highest common factor of 12 and o.
12
Let z = 12 - -76. Calculate the highest common factor of z and 16.
8
Let v(s) = -s**3 + 6*s**2 + 6*s + 2. Let t be v(7). Let c = -1 - t. Calculate the greatest common divisor of c and 32.
4
Suppose u - 2 = 2*z - 9, -3*z = -3*u - 6. Let t = z - 3. Suppose -3*x + t*j = -50, -5*x - 3*j + 80 = -8*j. Calculate the highest common factor of x and 6.
6
Suppose 4*v - 2*k - 18 = 0, 6*k - k = 2*v - 5. Suppose -3*z = -8*z + v*m + 755, -3*z + 449 = -2*m. What is the highest common divisor of z and 42?
21
Suppose 4*p - 2*i = 80, -4*i - 25 = -2*p + 9. Suppose 23*w - 56 = p*w. Calculate the highest common divisor of w and 84.
28
Let f = -92 + 257. Suppose 4*h = 8, 5*v + 0*h - 2 = -h. Suppose -2*o + 4*r = -50, v*r - 5*r - 70 = -3*o. Calculate the highest common divisor of f and o.
15
Let k(v) = 21*v**2 + 4*v + 5. Let l be k(-1). What is the greatest common factor of l and 132?
22
Suppose a - 547 = -3*q, 0 = -5*q + a + 624 + 301. Calculate the highest common factor of 16 and q.
8
Let m be ((-284)/(-10) - -1) + (-144)/(-240). Suppose 0 = t - 5*t + 300. Calculate the highest common factor of m and t.
15
Suppose 4*k + 0*k + 5*m = 130, -k - m = -33. Suppose -80*v + 81*v + 3 = 0. Let d(w) = 4*w + 17. Let y be d(v). What is the greatest common factor of k and y?
5
Let a be 11/1*754/13. What is the greatest common divisor of a and 44?
22
Let x = -41 - 197. Let o = -148 - x. Suppose 0 = -5*f - 0*i + 2*i + 90, 3*f - 54 = 3*i. Calculate the greatest common divisor of f and o.
18
Let l = 2302 + -1602. What is the highest common divisor of 28 and l?
28
Suppose 2*j = 1 + 5. Suppose -4*v = -p - 23 - 73, -5*v = -p - 121. Suppose -j*z + v = -80. Calculate the highest common factor of 14 and z.
7
Let p(x) = x**2 + 13. Let r be p(0). Let o be -4*(-4)/(-8) + -35. Let y = 154 + o. What is the highest common divisor of y and r?
13
Suppose 0 = -5*c + 25, r - 6*r = 3*c - 185. Calculate the highest common factor of r and 17.
17
Let x be (-24)/(-5) - (-3)/15. Suppose 0 = -10*h + x*h + 495. Calculate the greatest common factor of 9 and h.
9
Suppose 0 = 2*r - 14*d + 17*d - 317, 0 = 4*r + 2*d - 638. What is the highest common divisor of r and 56?
8
Let p = -81 - -115. Suppose 781 = 2*i - 239. Suppose -b + i = 4*b. Calculate the greatest common factor of p and b.
34
Let m = 9 + -6. Suppose -5*p + 5*a + 80 = 0, 4*p - 4*a = 2*p + 22. Calculate the highest common divisor of p and m.
3
Let r = 152 - 143. What is the greatest common factor of r and 6?
3
Suppose 0 = -52*j - 11524 + 161336. What is the highest common factor of 43 and j?
43
Suppose 0 = 5*f - 68 - 2. Let k = f - 2. Suppose 2*v = v + 3. Calculate the greatest common divisor of k and v.
3
Suppose l - 1077 = -6*i + 11*i, 4*i + 20 = 0. What is the greatest common factor of 4 and l?
4
Suppose -65*w + 70*w - 90 = 0. What is the highest common factor of 402 and w?
6
Let t = 2 - -25. Suppose -2*u + u = -4, t = x + 5*u. Suppose 5*r - x*r = -22. What is the highest common divisor of 55 and r?
11
Let v(l) = -3*l**3 - l**2 + 14*l + 78. Let s be v(-7). What is the highest common factor of 360 and s?
120
Let o = 1745 - 1685. Calculate the highest common divisor of 228 and o.
12
Let g = 513 - 272. Suppose -3*k - g = -4*m + 2*k, -m - 3*k = -39. Calculate the highest common divisor of m and 27.
27
Suppose 744 + 283 = 4*z - 5*k, z - 257 = k. What is the greatest common divisor of 86 and z?
86
Let p(a) = -8*a**3 - 3*a + 2. Let n be p(-2). What is the highest common factor of 27 and n?
9
Suppose 7*h - 120 - 13 = 0. What is the greatest common divisor of h and 304?
19
Let k(y) = 3*y**3 - 4*y**2 + 3*y + 7. Suppose -2*r = -3*r + 5. Let d be k(r). Let l be d/(-18)*(-2)/3. Calculate the highest common divisor of 22 and l.
11
Let k = 1080 + -1062. Calculate the highest common divisor of 474 and k.
6
Suppose 4*i - o - 57 = 0, 3*i + 31*o - 29*o - 51 = 0. What is the highest common factor of 12 and i?
3
Let j = -21 - -13. Let c = j + 10. Suppose -g = 3*i - 3*g + 5, c*i + g = 6. Calculate the highest common divisor of i and 8.
1
Let c(z) = -z**3 + 16*z**2 - 4*z - 13. Let l be c(15). Let q = -35 - -54. Calculate the highest common factor of q and l.
19
Let a be (-90)/21*(18 - 25). What is the greatest common divisor of a and 510?
30
Suppose -7*v + 64 = 1. What is the highest common divisor of 153 and v?
9
Let p = 30 - -185. Calculate the highest common factor of 86 and p.
43
Let i(f) = -f + 2. Suppose 3*m - 15 = 8*m. Let d be i(m). Suppose 3*a = 3*p - 0*p, 0 = -d*p - 3*a + 16. Calculate the highest common factor of p and 2.
2
Let f = -14 - -14. Suppose f = 6*u - 4*u - 306. Calculate the greatest common factor of 102 and u.
51
Suppose -7*x + 2835 + 5670 = 0. What is the highest common divisor of x and 45?
45
Suppose 2*k = 8, 70 = 5*g - 5*k - 5. Calculate the greatest common divisor of g and 779.
19
Let c = 89 - 75. Calculate the greatest common factor of 7 and c.
7
Let y(m) = -5 + m - 2*m**3 + m**2 + 3*m + m**3. Let n be y(2). Let c be 11 + 1 + (n - 2). What is the highest common divisor of 36 and c?
9
Suppose 0 = -2*y - 4 + 14. Let l(m) = m**2 - 4*m - 2. Let b be l(y). Suppose 49 = b*w - 11. Calculate the greatest common factor of w and 50.
10
Let d be (5/15)/((-3)/(-45)). Let q(l) = -l**2 + 6*l + 3. Let r be q(d). Let b = 4 + -3. What is the greatest common divisor of r and b?
1
Suppose 7*l = 2*l - 5*y + 75, -2*l - y + 25 = 0. Calculate the highest common factor of 34 and l.
2
Let g(f) = -103*f - 163. Let q be g(-44). Calculate the highest common divisor of q and 17.
17
Let r be (-288)/(-7) - 3/(13 + 8). Calculate the greatest common factor of 2747 and r.
41
Let u = -60 - -85. Suppose 0 = 4*v - l - l - 4, -l + 2 = 0. Suppose -w - 126 = -x, -x + 3*w + 130 = -v*w. What is the greatest common divisor of u and x?
25
Let r(u) = 7*u**2 - 7*u + 5. Let t be r(2). What is the greatest common factor of t and 76?
19
Suppose 0 = 5*x - 5 - 5. Suppose u + x = 2*u. Let o be (-6)/2 + (u - -7). Calculate the greatest common factor of o and 6.
6
Let a(j) = -j**3 + 9*j**2 - 9*j + 12. Let z be a(8). Suppose -q + 450 = -0*x + 4*x, 4*q + 440 = z*x. Calculate the highest common divisor of 16 and x.
16
Let u be ((-2)/(-4))/((-4)/(-32)). Let k(j) = 9*j**2 + 7*j - 6. Let h be k(u). Let n = h - 61. What is the greatest common divisor of 21 and n?
21
Suppose -2*y + 3*s = -172, 4*y + 0*s = 3*s + 332. Let v be (-4)/((-15)/(70 - 10)). Calculate the highest common factor of y and v.
16
Let y(l) be the second derivative of -l**5/20 + l**4 + 5*l**3 - 21*l**2/2 + 7*l. Let t be y(14). What is the highest common divisor of t and 1?
1
Let i(g) = 17*g - 93. Let u be i(6). What is the highest common divisor of u and 117?
9
Let x(w) = -w**2 + 5*w - 2. Let o be x(2). Let s = 7889 + -7869. Calcula